 2560896 and 4320?
864
Calculate the greatest common divisor of 24769 and 28019536.
527
Calculate the greatest common divisor of 54992 and 466627742.
6874
What is the highest common factor of 66534060 and 1116?
372
Calculate the greatest common factor of 32062 and 46598.
46
Calculate the highest common factor of 1079199 and 51183.
1089
Calculate the highest common factor of 996 and 120120588.
996
Calculate the highest common divisor of 21335 and 725050.
85
What is the greatest common factor of 23306 and 936034?
542
Calculate the highest common divisor of 4512446 and 63722.
422
Calculate the highest common divisor of 16408800 and 525.
75
Calculate the greatest common divisor of 31165 and 4657948.
271
What is the highest common factor of 1945 and 5028992?
389
What is the highest common factor of 5031 and 1387458?
9
Calculate the highest common divisor of 264 and 811414824.
264
What is the greatest common factor of 2898 and 70050778?
322
What is the highest common divisor of 194859 and 273?
21
What is the greatest common factor of 4260 and 3577335?
1065
Calculate the highest common divisor of 62 and 690364141.
31
Calculate the greatest common factor of 474471 and 513.
27
Calculate the highest common divisor of 17160 and 326054040.
1560
Calculate the greatest common factor of 162779 and 36.
1
Calculate the highest common divisor of 338981504 and 30048.
10016
What is the highest common factor of 411093730 and 50?
10
What is the greatest common divisor of 4936005 and 5535?
135
What is the highest common factor of 1146110 and 3430?
490
What is the greatest common divisor of 4183234 and 55?
11
Calculate the greatest common factor of 27870 and 8130.
30
Calculate the greatest common factor of 109834244 and 68224.
2132
Calculate the greatest common factor of 21384 and 1387044.
972
Calculate the highest common divisor of 63 and 505626744.
21
Calculate the highest common divisor of 18549 and 144350379.
2061
Calculate the greatest common factor of 118303910 and 670.
670
Calculate the greatest common factor of 707375 and 100.
25
Calculate the greatest common factor of 10583235 and 11089.
13
Calculate the greatest common factor of 11584 and 9855088.
2896
Calculate the greatest common divisor of 5100 and 370.
10
What is the greatest common divisor of 1433922188 and 1009?
1009
What is the highest common factor of 7248 and 6496?
16
Calculate the greatest common factor of 244 and 6199796.
244
What is the greatest common divisor of 50 and 5244020?
10
What is the highest common divisor of 900463603 and 93?
31
Calculate the highest common factor of 2568 and 20913.
3
What is the greatest common factor of 37 and 127852131?
37
Calculate the greatest common divisor of 28925 and 1500095.
445
Calculate the greatest common divisor of 31759 and 1066.
13
Calculate the greatest common divisor of 13060045 and 16510.
635
Calculate the highest common factor of 444 and 8324556.
444
Calculate the highest common divisor of 174467932 and 452.
452
Calculate the highest common divisor of 468 and 159199677.
117
What is the greatest common factor of 276240 and 9680?
80
What is the greatest common divisor of 35 and 3621376010?
35
What is the highest common factor of 87888 and 547536?
48
Calculate the highest common factor of 3559 and 66026568.
3559
What is the greatest common divisor of 39715144 and 9632?
2408
Calculate the greatest common divisor of 42375032 and 464.
232
What is the greatest common factor of 1914648 and 360?
24
Calculate the highest common divisor of 509520 and 11560560.
2640
What is the greatest common factor of 117367065 and 90?
45
What is the highest common factor of 6 and 18361610?
2
Calculate the greatest common factor of 22126 and 34762.
26
Calculate the highest common divisor of 1389 and 38137773.
1389
What is the highest common factor of 25 and 1488535?
5
What is the highest common factor of 58140 and 2171020?
20
Calculate the highest common divisor of 24337 and 7.
1
What is the highest common divisor of 6083 and 8609657?
553
Calculate the greatest common factor of 95908326 and 1992.
498
What is the greatest common factor of 175339 and 335?
67
Calculate the highest common factor of 15006 and 1078464.
246
Calculate the highest common divisor of 40966541 and 77.
77
What is the highest common factor of 2800 and 59524640?
560
Calculate the highest common divisor of 3569 and 686581.
43
Calculate the greatest common divisor of 2091 and 20316853.
697
What is the highest common divisor of 19040 and 9?
1
What is the highest common divisor of 143008029 and 765?
153
What is the highest common factor of 1321 and 187991510?
1321
Calculate the highest common divisor of 1396494377 and 101.
101
What is the highest common factor of 88 and 19855572?
44
Calculate the greatest common factor of 90941 and 12449.
211
What is the greatest common factor of 855 and 448785?
45
Calculate the highest common divisor of 38825752 and 24.
8
Calculate the greatest common divisor of 114 and 44733828.
114
What is the greatest common factor of 1896 and 11425836?
12
What is the highest common factor of 156836 and 892?
4
What is the greatest common factor of 14679729 and 1572?
393
What is the greatest common divisor of 117742 and 4811?
17
What is the highest common factor of 30627 and 2770042?
3403
Calculate the highest common divisor of 155510 and 20.
10
Calculate the greatest common divisor of 125687220 and 5.
5
Calculate the greatest common divisor of 20431424 and 1352.
1352
What is the greatest common factor of 85947276 and 12?
12
Calculate the greatest common factor of 202 and 122445734.
202
Calculate the highest common factor of 232791 and 845.
13
What is the highest common divisor of 24950 and 10182594?
998
What is the greatest common factor of 55643 and 5061?
7
Calculate the greatest common divisor of 225 and 5728975.
25
Calculate the highest common factor of 51 and 30872408.
17
Calculate the greatest common factor of 82365 and 175389.
969
What is the highest common divisor of 4199 and 3442211?
323
Calculate the highest common factor of 1136736544 and 96.
32
What is the highest common factor of 3570 and 1053710?
70
Calculate the highest common factor of 23690084 and 88.
44
Calculate the greatest common factor of 190869350 and 1415.
1415
Calculate the greatest common factor of 13 and 35256559.
13
What is the highest common divisor of 1500 and 3255025?
25
Calculate the greatest common factor of 1149687 and 9207.
297
What is the greatest common factor of 32483174 and 4?
2
What is the highest common factor of 480 and 1728585120?
480
Calculate the highest common factor of 206718569 and 122.
61
Calculate the highest common factor of 168239112 and 1104.
552
What is the greatest common divisor of 11884 and 26646899?
2971
What is the greatest common factor of 19754 and 313292796?
2822
Calculate the highest common divisor of 16 and 349910304.
16
What is the highest common factor of 7434 and 1763636?
14
Calculate the greatest common factor of 52569 and 534127.
649
Calculate the highest common divisor of 21 and 27620292.
21
Calculate the highest common factor of 1346016 and 560.
112
What is the highest common divisor of 1054 and 572143874?
1054
What is the greatest common divisor of 15 and 333233175?
15
What is the greatest common divisor of 26289122 and 7856?
982
What is the highest common factor of 1302 and 1164284422?
434
Calculate the greatest common factor of 148 and 1108564.
4
What is the highest common divisor of 156 and 104496392?
52
What is the greatest common factor of 6344 and 18616?
104
What is the highest common divisor of 927 and 44124273?
927
Calculate the greatest common factor of 35 and 36570065.
35
Calculate the highest common factor of 15 and 255103935.
15
What is the greatest common factor of 75234622 and 119?
17
What is the highest common factor of 30 and 43701?
3
Calculate the greatest common divisor of 19460 and 197204.
28
Calculate the greatest common divisor of 5310 and 1252350.
90
What is the greatest common divisor of 13927488 and 932892?
3468
Calculate the highest common divisor of 57 and 1839980938.
19
Calculate the highest common divisor of 13148 and 3616251.
19
Calculate the highest common divisor of 1598769 and 2443.
349
What is the highest common divisor of 12399380 